-5*p, 2*y + 1721 = a*p - 139. What is the units digit of p?
7
What is the units digit of 201998/9 - (-50)/(-225) - -9?
3
Suppose m - 33449 - 11623 = i, -4*m + 5*i + 180282 = 0. What is the tens digit of m?
7
Suppose -15 = 2*d + 3*d. Let l be ((-45)/12)/(d/4812). What is the units digit of 2/(-7) + l/105?
7
Let o = 0 + 9. Suppose -15*v + 16 + 44 = 0. Suppose 26 = v*b - u, -2*b + 4 = -o*u + 4*u. What is the units digit of b?
7
Suppose 3141 = 2*c - 3*k, -3*c - 5*k = -8*c + 7845. Let i = c - 982. What is the units digit of i?
4
Let p(w) = -43*w + 1246. What is the hundreds digit of p(22)?
3
Suppose -11410*x + 11427*x - 917830 = 0. What is the hundreds digit of x?
9
Suppose 2*u + 10 = 2*w, -5*u - 4 - 13 = -w. Let z(f) = 42*f**3 + 10*f + 13*f**w - 9*f - 14*f**2. What is the tens digit of z(1)?
4
Suppose -980 + 11814 = 11*i - 10*i. What is the units digit of i?
4
Let k be 2*(4/2 + -1). Let w be (k - 28/6)*3/(-2). Suppose -w*g + 54 = -2*g. What is the tens digit of g?
2
Let m(v) = v**3 + 13*v**2 + v + 15. Let z be m(-13). Suppose 0 = z*y - y - 139. What is the tens digit of y?
3
Suppose 0 = 2*q - 0 - 22. Suppose -2*g = q*g - 2080. What is the hundreds digit of g?
1
Suppose -5702*j = -5753*j + 2592942. What is the units digit of j?
2
Suppose 4*v + 37*d = 33*d - 6692, -4*d + 20 = 0. Let g = v + 2557. What is the hundreds digit of g?
8
Suppose -52*q + 50*q + 4 = 0, 3*z + 6*q = 20376. What is the units digit of z?
8
Let j(m) = m**2 + 16*m + 30. Let v be j(-14). What is the hundreds digit of v - (407/(-2) + 0)*2?
4
Let r(d) = -d**3 + 68*d**2 - 257*d + 152. What is the ten thousands digit of r(61)?
1
Suppose -4*q + 2*p = -24, -3*p = 5*q - 0*p - 19. Suppose -330 = -2*f - 2*f + q*g, -3*f - 3*g = -234. What is the tens digit of f?
8
Let a = 45 + -43. Suppose 41 = g - v - 96, -134 = -g - a*v. What is the hundreds digit of g?
1
Let c = 8806 - 7210. What is the tens digit of c?
9
Let i(v) = -215*v - 523. What is the hundreds digit of i(-36)?
2
What is the units digit of 198116/10 + -1 - (-78)/(-130)?
0
Let d be (-3)/6 - 252/(-8). Let j = -29 + d. Suppose 32 = 5*k - j*b - 41, 71 = 5*k - 4*b. What is the units digit of k?
5
Suppose -28880 = -96*a + 388624. What is the thousands digit of a?
4
Let d(b) = 5*b**2 - 7*b - 65. Let z be 12/120 + (-182)/20. What is the units digit of d(z)?
3
Let n(g) = g**2 - 14*g - 3. Let o be n(16). Suppose 0 = o*i - 30*i + 47. What is the units digit of i?
7
Suppose -3 + 35 = 8*s. Suppose 268 = 5*g - s*z + 2*z, -2*g + 4*z = -104. Let l = g + 24. What is the units digit of l?
8
Suppose 2*r - 474 = -r - 3*h, -2*h = -5*r + 776. Suppose 3*w - 2*w - r = 0. What is the units digit of w?
6
What is the thousands digit of 16480/32*(-1 + -1 + 13)?
5
Let l be -2 + 0 + (-42)/(-1). Suppose 54*n - 56*n - 2 = 0. What is the units digit of (-2)/(-10)*n - (-168)/l?
4
Let j = 4411 + -1046. What is the hundreds digit of j?
3
Suppose 5*q - 107603 = -3*k, -29427 = -5*q + 3*k + 78140. What is the units digit of q?
7
Suppose 4*j = g - 14569, 3*g - 28*j - 43639 = -33*j. What is the thousands digit of g?
4
Suppose 0 = -526*t + 532*t - 18. Suppose 3*h = 2*k + 2236, t*h = 4*k + 2584 - 356. What is the units digit of h?
8
Let i(u) = -122*u + 680. What is the tens digit of i(-73)?
8
Suppose h = 77 - 11. Let z = 72 - h. Suppose 99 = z*v - 93. What is the tens digit of v?
3
Let s(v) = 1060*v**2 + 67*v + 511. What is the units digit of s(-6)?
9
Let s(v) = v**3 - 8*v**2 + 6*v + 9. Let f be s(7). Suppose -f*j - 2450 = -16*j. What is the tens digit of j?
7
Let z(k) = -343*k - 4951. What is the hundreds digit of z(-34)?
7
Let z(h) = h**2 + 103*h + 2187. What is the hundreds digit of z(-81)?
4
Suppose -3*k + 30138 = 3*a, -5*k - 126*a + 130*a + 50194 = 0. What is the ten thousands digit of k?
1
Suppose 4*z + 2*t + 8 = 0, -3*z + 5*t + 8 = -z. What is the units digit of z - 2547/(-8) - (-171)/(-456)?
7
Suppose 5*d = 48 + 102. Let t = 39 - d. What is the hundreds digit of (-173)/1*(-9)/t?
1
Let g(r) be the second derivative of 131*r**3/3 + 58*r**2 - 28*r - 5. What is the hundreds digit of g(7)?
9
Let j = 483 + -178. Let s be 0/21 - j/(-1*1). What is the hundreds digit of ((-6)/15)/((3/s)/(-3))?
1
Let k(g) = g**2 + 3*g + 2008. Let a be k(0). Suppose -7*l = -3*l - 2*j - a, -2*l - j = -1000. Suppose l - 88 = 7*y. What is the tens digit of y?
5
Let s be (-51)/(-136)*(-24)/(-3). Suppose 479 = a + s*p, a - p - 134 - 341 = 0. What is the hundreds digit of a?
4
Suppose -84*p + 2010935 = -1497772 + 484791. What is the thousands digit of p?
5
Let t(h) = -48 + 103 - 46 - 2*h**2 + h**3 - 3*h. Let x be t(-4). What is the hundreds digit of (560/x - (-3)/(-9))*-15?
1
Let f(q) = -7*q**3 + 3*q**2 + 4*q + 1. Let y be f(-6). Suppose 6*c + y = 7093. What is the tens digit of c?
1
Let g = 3431 + -1935. Let y = -1033 + g. What is the hundreds digit of y?
4
Suppose -4*i - i = 4*u + 37, 5*i + 2*u = -31. Let j be i/15 + 6880/12. Suppose -2*p - 328 = -4*t, -5*t - 3*p - 141 = -j. What is the units digit of t?
4
Let l = 13243 - -2777. What is the thousands digit of l?
6
Let q be 3/2 + 4974/12. Suppose -4*a + q = -176. Suppose -c = d - 48, 3*d - a = -4*c - c. What is the tens digit of d?
4
Let p(q) be the first derivative of -q**4/2 + 16*q**3/3 + q**2 - 17*q - 44. Let b be p(8). What is the units digit of 159 - (b + 3 + 2)?
5
Let s = 18358 + -10076. What is the hundreds digit of s?
2
Suppose 0*y - 2*y = 54. Let x = y + 29. Suppose i = -4*j + 92, 0 = i + x*i + 3*j - 231. What is the tens digit of i?
7
Let t be 7 + 0/6 + -2. Let b(n) = 7*n**3 + 7*n**2 - 15*n - 5. What is the units digit of b(t)?
0
Let u be (-3)/3 - (16 + -21). Suppose 166 = d - 0*r + u*r, -288 = -2*d + 3*r. What is the hundreds digit of d?
1
Suppose 3*l - 7 + 4 = 0. Let a = 4 - l. Suppose -t - a = -271. What is the hundreds digit of t?
2
Suppose 424*t = 416*t - 6360. Let m = 1351 + t. What is the hundreds digit of m?
5
Let i = 33729 + -14568. What is the hundreds digit of i?
1
Let n(j) = 18*j + 14. Let v be n(-1). Let g(x) = -63*x - 16. What is the hundreds digit of g(v)?
2
Suppose d = 2*s - 7, -4*s + d + 16 - 1 = 0. Suppose 5*g = 7*u - 6*u + 3740, -3*g = -s*u - 2227. What is the units digit of g?
9
Suppose 12*t + 16432 - 15988 = 209616. What is the thousands digit of t?
7
Suppose 40*l - 66*l + 7675724 = 213*l. What is the units digit of l?
6
Let u be (3/(-2))/(12/5312). Let z = 1150 + u. What is the units digit of z?
6
Suppose 0 = -8*y + 3*y + 1285. Let s = -348 - -351. Suppose -s*h + 5*m = -y, 339 = 4*h - 2*m - 13. What is the tens digit of h?
8
Suppose 2 = 5*j - 8, 132 = -4*n - 4*j. Let o = n + 35. Suppose o = 3*b - 0*q - q - 189, -2*b + q + 126 = 0. What is the tens digit of b?
6
Suppose -2*j + 1576 = 1570, 3*j = 4*m - 135855. What is the thousands digit of m?
3
Let t(r) = r + 89. Let u be t(-27). Suppose 2*x = -13 + 271. Suppose w - x = -2*k, w - 5 - u = -k. What is the units digit of k?
2
Let p(a) be the first derivative of -9*a**2 + 25*a - 5. Suppose -60*o - 13 = -58*o - v, 0 = -2*o + 5*v - 1. What is the hundreds digit of p(o)?
1
Let x(a) = -592*a - 8931. What is the thousands digit of x(-92)?
5
Let m(i) = -14*i**2 + 3*i + 22. Let l be m(6). Let p = 779 + l. What is the hundreds digit of p?
3
Let u = 87 + -82. Suppose -2*g = 5*x - 120 - 69, 0 = -4*g + u*x + 303. What is the units digit of g?
2
Let y = -14 - -9. Let p be (-1057)/y + (-44)/110. Let l = 334 - p. What is the tens digit of l?
2
Suppose k = 2*o + 18, 5*o - 5*k = -59 + 4. Let b(h) = h**3 + 5*h**2 + 13*h + 1. Let s be b(o). What is the units digit of (-15)/10*12/9 - s?
6
Let b(c) = 366*c**2 + 213*c - 648. What is the thousands digit of b(3)?
3
Let z be (-1 + -9)*(-20)/40. Suppose 0*d - 122 = -3*m + 2*d, z*d + 205 = 5*m. Suppose -m*c - 18 = -43*c. What is the units digit of c?
6
Let p(c) = 20*c**2 + 14*c + 1. Let x be (7 - 5)*(0 - (-1 + -1)). What is the tens digit of p(x)?
7
Suppose 78*s - 1190649 - 2186361 = 0. What is the thousands digit of s?
3
Suppose 4*j = -h + 852 + 4027, -3*h + 14693 = -2*j. What is the units digit of h?
5
Let f = 272 + -269. Let y(s) = 16*s + 7 - 4 + 10. What is the tens digit of y(f)?
6
Let c = -51 - -87. Suppose -94*u = -90*u - c. Suppose -k + 0*k = -u. What is the units digit of k?
9
Let o(b) = 12*b - 2. Let c be o(7). Let y(j) = 2*j**2 - 16